3*f - 15. List the prime factors of z(s).
2, 19
Let t be (-34)/6 - (-20)/(-15). Let m = 9 + t. Suppose -4*s = -3*b - 10, m*b = 3*s + 1 - 9. List the prime factors of s.
2
Suppose 0 = -5*i - 98 + 8. List the prime factors of ((-6)/(-9))/(12/i) - -85.
2, 3, 7
Let g = 24 + -23. Suppose l - 10 + g = 0. Let u(o) = -o**2 + 10*o. List the prime factors of u(l).
3
Let t(i) be the third derivative of -i**5/60 + 13*i**4/24 + 13*i**3/6 - 2*i**2. Let j be t(12). List the prime factors of (20/j)/((-4)/(-10)).
2
Suppose -2*p - 3*d + 1125 = 0, 4*d + 269 + 849 = 2*p. List the prime factors of p.
3, 11, 17
Let g(i) = i**3 + 10*i**2 - 2*i + 9. List the prime factors of g(-9).
2, 3
Let t(d) = -d**2 - 176*d - 17. List the prime factors of t(-44).
5791
Let y = 931 + -680. List the prime factors of y.
251
Suppose -10 = -m + 2*m. Let x = m + 15. Suppose x*s - s - 4 = 0, 4*s - 48 = -d. What are the prime factors of d?
2, 11
Suppose 4*t + 12 = -8. List the prime factors of (-309)/(-7) + t/35.
2, 11
Suppose -2*l - 8099 = -3*a, a + 52*l - 2728 = 47*l. What are the prime factors of a?
3, 17, 53
Suppose -2*y + 9 = -6*y + 5*g, -5*g = -3*y - 8. What are the prime factors of (103/(-1))/((-4 - -5)/y)?
103
Suppose -5*c - 40 = 5*n, -2*c - 11 = n - 0*n. What are the prime factors of (-81)/c + 1 + 0/2?
2, 7
Suppose -3*p + 87*c - 84*c = -1212, 5*c + 820 = 2*p. What are the prime factors of p?
2, 5
Suppose -8*j + 12*j = 2*f + 1952, 5*f = 2*j - 976. List the prime factors of j.
2, 61
Suppose 5*i - 997 = 73. Suppose 0 = 7*o - 529 + i. List the prime factors of o.
3, 5
Suppose 1778 + 299 = 3*w + 2*z, -5*w + 3468 = -3*z. List the prime factors of w.
3, 7, 11
Suppose -6*g + g - q + 77 = 0, 2*g - 23 = -3*q. Suppose -i + 3*x - 14 = 0, -2*i = -4*i - 5*x + g. Let y(a) = -9*a**3 - 4. What are the prime factors of y(i)?
2, 17
Let i be -2*(62/4 - 2). Let w be 114/27 - (-6)/i. Suppose 2*z - w*z - n = -8, -4*n = -4*z + 16. What are the prime factors of z?
2
Let t = 47 - 36. Suppose -2*r - 1017 = -t*r. List the prime factors of r.
113
Suppose -2*p - 4 = 0, -3*a - 2*p + 5*p = -18. Suppose -4*j + 228 = 3*q, j = a*j. List the prime factors of q.
2, 19
Let l be ((-10)/(-8))/(2/24). Let v = 68 - l. Suppose 3*t - v - 64 = -3*k, 0 = -k. What are the prime factors of t?
3, 13
Suppose -452 - 258 = -5*q. Suppose q = -39*b + 41*b. What are the prime factors of b?
71
Suppose 3042 = -60*u + 66*u. List the prime factors of u.
3, 13
Suppose -12*p + 224 = 4*p. Suppose 2*l - p - 98 = 0. What are the prime factors of l?
2, 7
Let t(k) = k - 100. Let z(o) = -o + 99. Let r(p) = -4*t(p) - 3*z(p). List the prime factors of r(26).
7, 11
Let y = -457 - -1769. List the prime factors of y.
2, 41
Let g = -25 - -10. Let z = g + 18. Suppose z*p + 18 = 5*p. List the prime factors of p.
3
Let m(a) = 5*a**2 + 11. Let r be m(8). Suppose -5*y = 4*t - 448 + 34, -4*y - 3*t = -r. What are the prime factors of y?
2, 41
Let b be (-4)/(-4) + 2 + 23. Let a be (-30)/(-4) + 13/b. List the prime factors of 358/8 - (-2)/a.
3, 5
Suppose 0 = -3*h - 3*h + 66. Suppose -2*w = j + 4, 5*w + 36 = 5*j + h. What are the prime factors of j?
2
Suppose -328 = -65*m + 64*m. What are the prime factors of m?
2, 41
Let l(g) = -7*g + 0*g - 2*g**3 - 6*g**2 + 5 + 5*g. Let k = 7 - 11. What are the prime factors of l(k)?
3, 5
Let b(q) = 11*q. Let u(g) = -g**2 - 2*g + 1. Let y(o) = b(o) - 4*u(o). List the prime factors of y(-11).
271
Let m = 1046 + -529. List the prime factors of m.
11, 47
Let q be 0 - (0 + 2 - 7). Let y be 1 - (-5)/(q/3). Suppose -y*b = -258 + 106. List the prime factors of b.
2, 19
List the prime factors of 1/((-45324)/15111 + 3).
23, 73
Suppose -5*n = -2*o - 3 - 18, -n = 4*o - 13. Suppose -o*l - 100 = -354. List the prime factors of l.
127
Let p = -25 - -65. Let x = 113 + p. Suppose 48 = -3*d + x. What are the prime factors of d?
5, 7
Suppose 0 = 115*y - 111*y - 5132. List the prime factors of y.
1283
Suppose 8*t = t + 56. Let a = 80 + -142. List the prime factors of a*(28/t - 4).
31
Suppose 3*q + 4 = 2*i, 2*q = 5*i + 4*q - 10. Suppose i = 5*n - 4*n. What are the prime factors of 2256/60 - n/(-5)?
2, 19
Let k(y) = 5*y - 23. Let t be k(5). Suppose -2*b - 3*z + 4*z = -202, 3*b - 303 = t*z. List the prime factors of b.
101
Let h(t) = 3*t + 48. Let k be h(-11). Suppose i = -0*i + 18. Suppose -4 = -d - 2*x, -3*d + x + k + i = 0. What are the prime factors of d?
2, 5
Suppose -2*c + c + 4 = 0. Suppose 0 = -4*d - 2 - 18, c*n - 5*d = 409. List the prime factors of n.
2, 3
Let z = 21 - 22. Let p be z/(-5) + 39/5. Suppose 5*f - p*f = -111. List the prime factors of f.
37
Let u(d) be the second derivative of 4*d - 1/2*d**2 + 1/10*d**5 - 5/12*d**4 + 1/3*d**3 + 0. What are the prime factors of u(3)?
2, 7
Let a(x) = -25*x - 65. List the prime factors of a(-12).
5, 47
Let c(d) = -41*d - 375. List the prime factors of c(-28).
773
Suppose -4*k + 14 = -6. What are the prime factors of 8*k/10 + 173?
3, 59
Suppose -1058 = -3*h - k, 5*h - 414 - 1316 = 5*k. List the prime factors of h.
3, 13
Suppose -2*m = 3*n + 9, 3*m = -3*n - 0 - 9. Suppose m = 3*v - s + 6 + 2, -2*s = -10. Let p(k) = -8*k**3 - k**2 - k. What are the prime factors of p(v)?
2
Suppose -2*u - 1 = q, 10 = 3*u - 4*q - 16. Let a = -5 + 19. Suppose -3*o - 5*z + a = -u*o, -o + z = -20. What are the prime factors of o?
19
Suppose -1084 = -4*v - 2*o, 5*v + 8*o - 1357 = 6*o. What are the prime factors of v?
3, 7, 13
Suppose 12 = 5*g + 2. Suppose -11 = -3*m - g. Suppose -33 = -m*p + 6. What are the prime factors of p?
13
Suppose 3*k - 163 = -5*w, -4*k + 2*w = -k - 128. Let n be -3 + (6 - (-4)/4). Suppose 6*u = n*u + k. What are the prime factors of u?
23
Let s = 240 + 21. List the prime factors of s.
3, 29
Suppose 50121 = 13*g - 7794. What are the prime factors of g?
3, 5, 11
Let m(o) be the third derivative of -2*o**4/3 + o**3/2 + o**2. Let p be (66/99)/(2/(-6)). List the prime factors of m(p).
5, 7
Suppose -4*f + 2*a - 4*a + 4178 = 0, -f - a + 1045 = 0. List the prime factors of f.
2, 3, 29
Let u be -1 - (-3 + 0)/3. Let t be ((-20)/(-12) + u)*3. Suppose -5*f + 3*y + y = 0, -t*f + 5*y = 5. What are the prime factors of f?
2
Let p(g) = -4*g - 3*g + 2*g + 5 + g. List the prime factors of p(-10).
3, 5
Suppose 0 = -r + 3*r. Let k be (-306)/(-4) + (-3)/6. Suppose 0 = -r*o - 4*o + k. List the prime factors of o.
19
Let v = -81 + 83. Suppose v*h - f - 125 = 0, h + 311 = 6*h - 4*f. What are the prime factors of h?
3, 7
Let s be 9/((-54)/12)*(-1)/2. List the prime factors of ((-164)/(-3))/((4/12)/s).
2, 41
Let k = -43 + 47. Suppose d + 5*h - 60 = -0*d, -k*d + 240 = -4*h. What are the prime factors of d?
2, 3, 5
Suppose 32 + 14 = -2*x. Let b = 26 + x. List the prime factors of b.
3
Suppose 12*n - 5443 = -43. What are the prime factors of n?
2, 3, 5
Let y = -3 - -5. Suppose -5*d + 240 = y*f, 0*f - 2*f = -d - 264. Suppose 6*b - f = b. List the prime factors of b.
2, 13
Let f = 0 + 2. Let i = 286 - 214. What are the prime factors of (i/(-27))/(f/(-9))?
2, 3
Let m(c) = -c**2 - 6*c + 19. Let w be m(-8). Suppose w*h = 272 - 101. List the prime factors of h.
3, 19
Let g(x) = 0*x + 3*x - 4*x + 2*x - x**2. Let j be g(-1). List the prime factors of 45/(-30) - 45/j.
3, 7
Suppose 28*h - 9950 = 6346. What are the prime factors of h?
2, 3, 97
Let a(j) = 28*j**2 + 9*j + 7. Let i be a(-3). Let v = 489 - i. What are the prime factors of v?
257
Let o(z) = -z**3 - 3*z**2 + 2*z + 4. Let d be o(-4). Let k = d + -9. Suppose 0*b - k = -b. What are the prime factors of b?
3
Suppose 0 = 10*l - 8089 - 6061. What are the prime factors of l?
5, 283
Suppose -2*s = -s - 3, s = -2*x + 2661. List the prime factors of x.
3, 443
List the prime factors of (-6)/270*5 + (-192138)/(-54).
2, 3, 593
Let n(c) = 41*c**2 + 2*c - 6. What are the prime factors of n(4)?
2, 7, 47
Suppose g - 2*u - 20 = -0, -5*u = -20. Let s = -15 + g. Suppose -2*k + 27 = s. List the prime factors of k.
7
What are the prime factors of -3 + (-7 + 7 - -80)?
7, 11
What are the prime factors of ((-48)/14)/(114/(-24339))?
2, 3, 61
Suppose 3 = 4*y - 5*j, 4*y - 6*j = -7*j + 9. Let l = -48 - -201. Suppose l = y*h + h. List the prime factors of h.
3, 17
Suppose 2*l + 3*y - 11 = 0, 2*y = 3*l + y - 22. Let p = 13 - l. Let x = 10 - p. What are the prime factors of x?
2
Let r = -944 - -2393.